+ -9796. Give o(p).
11
Suppose 0 = -5*q - 12 + 62. Let m be 16/20 + 1/(q/12). Let u(w) = 5*w - 9 - 7*w + w**3 + 11*w**2 - 4*w**m. Give u(-7).
5
Let f(c) = 18*c**2 - c - 1. Let d be f(-1). Let p be d/(-4) + (-3)/6. Let y(b) be the first derivative of b**4/4 + 5*b**3/3 - b**2 - 4*b - 4436. Calculate y(p).
6
Let d(y) = 5*y**2 + 5*y + 15. Let j(k) = -12*k**2 - 10*k - 35. Let r(h) = -5*d(h) - 2*j(h). Give r(-3).
1
Let g(z) be the first derivative of z**2 - 1/6*z**3 + 4 - z. Let j(x) be the first derivative of g(x). Determine j(-3).
5
Let c be (-62)/(-12) + (-13)/78. Let j(m) = -m - 6. Let n be j(-8). Let x(u) = 3 - n*u + 3 - 5 + 4. Determine x(c).
-5
Let f(k) = -k**2 - 9*k - 1. Let u = -269 - -336. Suppose -56 = -60*i + u*i. What is f(i)?
7
Let n = -19 - -35. Let j = 368 - 363. Suppose 7*w - n = j. Let f(k) = k**2 - 2*k + 3. What is f(w)?
6
Let r(q) = -4*q + 40. Let x(n) = n - 12. Let g(h) = -7*r(h) - 22*x(h). Calculate g(-6).
-52
Let s(f) = 2*f - 10*f - 3*f + f**2 - 4*f + 1 + 12*f. Let m(z) = 5*z + 13. Let p be m(-2). What is s(p)?
1
Let s = -4933 + 4946. Let a(z) = -2*z**2 + 29*z + 11. Give a(s).
50
Let f(g) = -2*g**2 + 3*g. Suppose -3*l + t + 18 = 5*t, -2*l + 3*t = 5. Calculate f(l).
-2
Let y(t) = 8*t**2 + 6*t - 5. Let f be (16/10 - 2) + 238/70. Give y(f).
85
Let h(y) be the third derivative of y**5/4 - 5*y**4/2 + 4*y**3/3 + 411*y**2 - y - 2. Give h(4).
8
Let l(k) = -3*k + 5. Suppose 22 = 3*a + 4*r + 12, -16 = 4*a - 2*r. Determine l(a).
11
Let p(j) = -2*j**2 + 3*j - 3. Suppose 3*i = -y - 66, y - 1 = -5*i - 59. Let d = y - -32. Let v = d - -48. What is p(v)?
-5
Let d(q) = -q**3 - 6*q**2 - 6*q + 5. Let i(w) = -w**2 + 24*w + 45. Let k be i(0). Suppose 45*b = 36*b - k. Calculate d(b).
10
Let c(s) = -s - 5 + 15*s - 11*s. Suppose 8*l + 539 = 95*l - 10*l. Calculate c(l).
16
Let w(r) = -8*r**2 - 19*r - 7. Let n be w(-5). Let t = n - -115. Let v(k) = -t + 144*k + 10 - 145*k. What is v(7)?
0
Let r(s) = -s**2 - 7*s - 6. Suppose 12*m + 7*m = -15504. Let g = -823 - m. Give r(g).
-6
Suppose 293*c - 252*c = -246. Let u(l) = l**2 - l + 1. Let a(s) = -s**2 + 10*s + 2. Let d(y) = a(y) + 2*u(y). Determine d(c).
-8
Let o(t) be the third derivative of 1/60*t**5 + t - 3/2*t**3 - 36*t**2 + 1/24*t**4 + 0. Determine o(0).
-9
Let x(s) = -2*s**2 + s**3 - 4*s + s - s**2. Let o(g) = g**3 - 5*g**2 - 5*g + 4. Let t be o(0). Suppose -t*l + 6*l - 22 = -3*w, 0 = 5*w + l - 25. What is x(w)?
4
Suppose -10*k + 19 = -1. Let q be ((0 - 21) + -3 - -2)/k. Let v(c) = -c**2 - 11*c - 7. Calculate v(q).
-7
Suppose -2*s = 3*j + 11, -2*s - 27 = -3*s + 5*j. Let n(p) = -s*p - 3 - 1 - 8 + 10. Let a = -14 - -9. Calculate n(a).
8
Let a(y) = 7*y - 346. Let m(q) = 97. Let w(f) = -a(f) - 4*m(f). What is w(-4)?
-14
Let q(t) = 2 - 2*t + 3 + 3. Let i(g) = -2*g - 18. Let h be i(-13). Calculate q(h).
-8
Suppose 0 = -11*u + 40 + 70. Let z(t) = -t + 3. Let b(d) = -12*d + 35. Let k(l) = b(l) - 8*z(l). Give k(u).
-29
Let r be (-615)/90 + 7 + (-438)/36. Let v(p) = -8*p - 105. Calculate v(r).
-9
Let g(w) = 5*w - 2*w + 15 + 5 - 5*w. Suppose 126*m - 2352 = -70*m. Give g(m).
-4
Let x(p) be the third derivative of -4*p**4/3 + 2*p**3/3 - 1188*p**2. Determine x(-1).
36
Suppose 619 + 11 = 15*t. Suppose 44 - t = -2*y. Let x(z) = 21*z. What is x(y)?
-21
Let s(h) = -h**2 + 3 + 550310*h + 0 - 550316*h. Determine s(-9).
-24
Let h(n) = -5*n**3 - n**2 + 1. Let i be h(1). Let x(y) be the first derivative of y**3/3 + 3*y**2 - y - 12302. Give x(i).
-6
Let v(w) = w**3 - 7*w**2 + w - 6. Suppose -3*j - 2*b + 236 = 0, 163 = 4*j - 4*b - 165. Suppose -19*p + j + 53 = 0. Give v(p).
1
Let s be -22*22/(-121) + (-5)/(10/2). Let u(n) be the second derivative of -n**2 + 0 + 24*n - 1/6*n**s. Give u(-5).
3
Let s = -39 - -42. Let q be (s + 11/(-3))/((-5)/(-60)). Let u(p) = 3*p**2 + 7*p + 6. Let g(v) = -v**2 + v. Let f(j) = 2*g(j) + u(j). Give f(q).
-2
Suppose -136*f + 307 = -509. Let l(q) be the first derivative of -2*q**3 + q + 1/4*q**4 + 1/2*q**2 + 3. Calculate l(f).
7
Let t(x) be the second derivative of -x**5/20 - x**4/12 + 4*x**3/3 + 7*x**2/2 + 37*x + 37. Determine t(-3).
1
Let p(s) be the first derivative of -s**3/3 + 11*s**2/2 - 26*s - 2003. Give p(6).
4
Let t(p) be the third derivative of p**6/6 + p**5/30 + p**4/12 + p**3/6 + 1171*p**2. Give t(-1).
-19
Let c(j) be the second derivative of -j**5/20 + 5*j**4/12 + 2*j**3 + 11*j**2/2 + 83*j + 8. What is c(7)?
-3
Let q(g) = -5*g**2 - 31*g + 1. Let r be (-376)/64 - (-3)/(-24). Calculate q(r).
7
Let v be 6 + (2 - 2) + 2. Let d = v - 1. Let k(j) be the first derivative of -j**3/3 + 4*j**2 + 6*j - 85. Calculate k(d).
13
Let o be ((-12)/7)/(4/14). Let n(s) = s + 10. Let z(l) be the third derivative of -l**3/6 - 7*l**2. Let f(x) = -n(x) - 3*z(x). Calculate f(o).
-1
Let r = 3954 + -3968. Let t(j) = j**2 + 5*j - 126. What is t(r)?
0
Let f(n) be the second derivative of n**5/20 - n**4/12 + 7*n**3/6 - 2*n**2 + 1281*n. Give f(2).
14
Let g be ((-6)/2)/(9/18). Let w(n) = 5*n**3 + 6*n**2 + 15*n - 3. Let z(i) = i**3 + 4*i + 1. Let t(l) = w(l) - 4*z(l). Calculate t(g).
-1
Let j(u) = -7*u**2 + 49*u + 15. Let w(d) = -13*d**2 + 90*d + 27. Let x(l) = 9*j(l) - 5*w(l). What is x(0)?
0
Let s(n) = n**2 - 2*n - 1. Let r(u) = 2*u**2 - 35*u - 28. Let b(k) = r(k) + s(k). Calculate b(12).
-41
Let v(b) = -b - 4. Let s be 7 - ((-10)/(-4) - 2)*8. Let y(q) = -q - 5. Let o be (-12)/(-9)*(-6)/4. Let x(m) = o*y(m) + s*v(m). Give x(3).
-5
Suppose -8 = -7*y - 71. Let m be (5/4)/(y/(-4) - 2). Let r(q) = q - 5. Calculate r(m).
0
Suppose -8 - 20 = -4*c. Let w(s) be the third derivative of -s**5/60 + s**4/4 + 7*s**3/6 + 30*s**2. Determine w(c).
0
Let t(p) = p**3 - p**2 + 4*p + 3. Let y(z) = -13*z**3 + 10*z**2 - 46*z - 31. Let s(v) = 11*t(v) + y(v). What is s(3)?
-67
Suppose d = -f, 0 = 4*d - 9*d - 3*f + 4. Suppose 373 = 5*r + s - 162, -d*s - 202 = -2*r. Let a = r - 104. Let z(n) = n**3 - 2*n**2 + 3*n - 2. Give z(a).
4
Let f be 10/(-4)*(5 - 21). Suppose -f*t = -41*t + 5. Let g be (t - 4) + (-12)/(-4). Let i(m) = m**2 - m - 4. Calculate i(g).
8
Let n(k) = -k**2 + 2*k + 6. Let c(p) = -3*p**2 + 5*p + 17. Let l(x) = -4*c(x) + 11*n(x). Let a be (-1230)/984 + 9/(-12). Give l(a).
-2
Suppose 0*h + 25 = h. Suppose -5*k = 5*i - 165, -21 = -i + 23*k - 20*k. Let o = i - h. Let x(r) = -r**3 + 5*r**2 - r + 2. Determine x(o).
-3
Let r(w) = -w**2 + 8*w + 3. Let p(k) be the first derivative of -3*k**2 + 128*k - 28. Let x be p(20). What is r(x)?
3
Let g(f) = -61*f - 6 + 14 + 2 + 60*f. Let h = 13 + -5. Calculate g(h).
2
Let q(k) = -k**2 - 41*k - 202. Let y be q(-35). Suppose -37*v - 116 = -y*v. Let j(b) = b**3 + 3*b**2 + b - 4. What is j(v)?
-24
Let w(p) = -p**2 - 2*p + 2. Let t be w(-3). Let h(y) = -y - 6*y + 9*y - 2. Calculate h(t).
-4
Let w be 2 + -2 + 8 + -3. Let t(l) = -5*l**2 + 2*l**2 - 9*l - 1 - l**3 - 1 - w*l**2. Suppose -4*q + q - 48 = 5*q. Determine t(q).
-20
Let n(u) = -13*u - 2. Let l be n(-1). Let v be 16/88 - 35/l. Let j(i) be the second derivative of -i**5/10 - i**4/3 - i**2/2 - i + 38. Calculate j(v).
17
Let b be (-3*20)/5 + (-56)/(-7). Let c(a) = -a**3 - 6*a**2 - 4*a - 1. Calculate c(b).
-17
Let f = 2526 - 2528. Let u(n) = -7*n**3 - 3*n**2 - 2*n + 1. Calculate u(f).
49
Let v = -24322 + 24300. Let d(t) = -t**2 - 17*t + 93. Calculate d(v).
-17
Let x(g) = -45*g + 15. Let v(i) = 13*i - 4. Let f(r) = 10*v(r) + 3*x(r). What is f(-6)?
35
Let d be 10/25 - ((-252)/5)/9. Let l(n) be the first derivative of -n**3/3 + 2*n**2 + 9*n - 2. Determine l(d).
-3
Let r(d) = -d**3 - 5*d**2 - d - 1. Let o be r(-3). Let l be (5/2)/(8/o). Let w(x) = -3 - 114*x - x**2 - 5 + 107*x + 4. Determine w(l).
6
Let z(c) = -3*c - 7. Suppose -d = 4 - 8. Suppose -3*b = -d - 5. Suppose -b*s = 29 - 14. Determine z(s).
8
Let n(i) = i**3 - 3*i**2 - 3*i - 3. Suppose -f = -0*f - 10. Suppose -5*x = 7*x - 72. Suppose -z = -f + x. Determine n(z).
1
Let c(d) = -17*d - 109. Suppose 523 - 581 - 1160 = 203*b. What is c(b)?
-7
Let w(z) be the third derivative of -z**5/5 - z**4/6 + 5*z**3/6 - 11*z**2 + 26*z + 1. What is w(2)?
-51
Suppose 5*g = 5*f + 1386 + 139, 3*g = 4*f + 911. Let w = 305 - g. Let j(t) = t**2 - 3. Give j(w).
13
Let g(l) = -3*l**2 - 4*l + 4. Let o be 11950/4302 - 4/(-18). Give g(o).
-35
Let z(h) = h - 2. Let n(b) = b**3 + 6*b**2 - 9*b - 12. Let c be n(-7). Suppos